{"id":8906,"date":"2026-01-29T04:58:29","date_gmt":"2026-01-29T03:58:29","guid":{"rendered":"https:\/\/www.wsv-patersdorf.de\/wordpress\/?page_id=8906"},"modified":"2026-02-07T12:27:31","modified_gmt":"2026-02-07T11:27:31","slug":"lankreismeisterschaft-regen-2026","status":"publish","type":"page","link":"https:\/\/www.wsv-patersdorf.de\/wordpress\/sparte-alpin\/lankreismeisterschaft-regen-2026\/","title":{"rendered":"Lankreismeisterschaft Regen 2026"},"content":{"rendered":"\n<p class=\"has-green-color has-white-background-color has-text-color has-background has-link-color has-large-font-size wp-elements-187e8be4781218c2412f764c31473c93\"><a href=\"https:\/\/www.wsv-patersdorf.de\/wordpress\/wp-content\/uploads\/2026\/02\/UrkundenFinal.pdf\"><strong><mark style=\"background-color:#1265cc\" class=\"has-inline-color\">Urkunden Download<\/mark><\/strong><\/a><\/p>\n\n\n\n<p>Der SC Bischofsmais kann heuer die Landkreismeisterschaft des Landkreises Regen nicht ausrichten &#8211; wir sind eingesprungen. <\/p>\n\n\n\n<p>Seit Dienstag Abend ist unsere Anmeldung und Ausschreibung bei rennmeldung.de online. Die Anmeldung f\u00fcr Vereinsmitglieder findet ihr <a href=\"https:\/\/forms.gle\/vMoMmDTstXanwc4C6\">hier <\/a>. <strong>WSVler bitte nicht \u00fcber rennmeldung.de anmelden<\/strong>.<\/p>\n\n\n\n<figure class=\"wp-block-image size-large\"><img loading=\"lazy\" decoding=\"async\" width=\"734\" height=\"1024\" src=\"https:\/\/www.wsv-patersdorf.de\/wordpress\/wp-content\/uploads\/2026\/01\/grafik-1-734x1024.png\" alt=\"\" class=\"wp-image-8926\" srcset=\"https:\/\/www.wsv-patersdorf.de\/wordpress\/wp-content\/uploads\/2026\/01\/grafik-1-734x1024.png 734w, https:\/\/www.wsv-patersdorf.de\/wordpress\/wp-content\/uploads\/2026\/01\/grafik-1-215x300.png 215w, https:\/\/www.wsv-patersdorf.de\/wordpress\/wp-content\/uploads\/2026\/01\/grafik-1-768x1072.png 768w, https:\/\/www.wsv-patersdorf.de\/wordpress\/wp-content\/uploads\/2026\/01\/grafik-1.png 791w\" sizes=\"auto, (max-width: 734px) 100vw, 734px\" \/><\/figure>\n\n\n\n<p><a href=\"https:\/\/www.wsv-patersdorf.de\/wordpress\/wp-content\/uploads\/2026\/01\/AusschreibungNeuCup.pdf\" data-type=\"page\" data-id=\"8906\">Die vollst\u00e4ndige Ausschreibung findet ihr hier.<\/a><\/p>\n\n\n\n<p><\/p>\n","protected":false},"excerpt":{"rendered":"<p>Urkunden Download Der SC Bischofsmais kann heuer die Landkreismeisterschaft des Landkreises Regen nicht ausrichten &#8211; wir sind eingesprungen. Seit Dienstag Abend ist unsere Anmeldung und Ausschreibung bei rennmeldung.de online. Die Anmeldung f\u00fcr Vereinsmitglieder findet ihr hier . WSVler bitte nicht \u00fcber rennmeldung.de anmelden. Die vollst\u00e4ndige Ausschreibung findet ihr hier.<\/p>\n","protected":false},"author":16,"featured_media":0,"parent":459,"menu_order":0,"comment_status":"closed","ping_status":"closed","template":"","meta":{"footnotes":""},"class_list":["post-8906","page","type-page","status-publish","hentry"],"_links":{"self":[{"href":"https:\/\/www.wsv-patersdorf.de\/wordpress\/wp-json\/wp\/v2\/pages\/8906","targetHints":{"allow":["GET"]}}],"collection":[{"href":"https:\/\/www.wsv-patersdorf.de\/wordpress\/wp-json\/wp\/v2\/pages"}],"about":[{"href":"https:\/\/www.wsv-patersdorf.de\/wordpress\/wp-json\/wp\/v2\/types\/page"}],"author":[{"embeddable":true,"href":"https:\/\/www.wsv-patersdorf.de\/wordpress\/wp-json\/wp\/v2\/users\/16"}],"replies":[{"embeddable":true,"href":"https:\/\/www.wsv-patersdorf.de\/wordpress\/wp-json\/wp\/v2\/comments?post=8906"}],"version-history":[{"count":12,"href":"https:\/\/www.wsv-patersdorf.de\/wordpress\/wp-json\/wp\/v2\/pages\/8906\/revisions"}],"predecessor-version":[{"id":8952,"href":"https:\/\/www.wsv-patersdorf.de\/wordpress\/wp-json\/wp\/v2\/pages\/8906\/revisions\/8952"}],"up":[{"embeddable":true,"href":"https:\/\/www.wsv-patersdorf.de\/wordpress\/wp-json\/wp\/v2\/pages\/459"}],"wp:attachment":[{"href":"https:\/\/www.wsv-patersdorf.de\/wordpress\/wp-json\/wp\/v2\/media?parent=8906"}],"curies":[{"name":"wp","href":"https:\/\/api.w.org\/{rel}","templated":true}]}}