{"id":8690,"date":"2025-11-20T11:40:25","date_gmt":"2025-11-20T10:40:25","guid":{"rendered":"https:\/\/www.wsv-patersdorf.de\/wordpress\/?page_id=8690"},"modified":"2025-11-21T07:52:53","modified_gmt":"2025-11-21T06:52:53","slug":"skigymnastik","status":"publish","type":"page","link":"https:\/\/www.wsv-patersdorf.de\/wordpress\/sportangebot\/skigymnastik\/","title":{"rendered":"Skigymnastik"},"content":{"rendered":"\n<p>Um optimal auf die bevorstehende Wintersaison vorbereitet zu sein und voller Sicherheit sowie Freude in den Pistenspa\u00df zu starten, bietet der WSV auch in diesem Jahr wieder seine bew\u00e4hrte Skigymnastik an. Dieses Training dient als ideale Vorbereitung auf die winterlichen Aktivit\u00e4ten und unterst\u00fctzt alle Teilnehmenden dabei, ihren K\u00f6rper gezielt auf die Belastungen des Skifahrens einzustimmen.<\/p>\n\n\n\n<p>In abwechslungsreichen \u00dcbungseinheiten werden Kraft, Ausdauer und Koordination gest\u00e4rkt \u2013 alles entscheidende Faktoren, um auf der Piste stabil, reaktionsf\u00e4hig und belastbar zu sein. Gleichzeitig helfen Mobilisations- und Gleichgewichts\u00fcbungen dabei, Verletzungen vorzubeugen und die Bewegungsabl\u00e4ufe geschmeidiger zu machen. So schafft die Skigymnastik eine solide Grundlage, um die Wintertage im Schnee mit noch mehr Souver\u00e4nit\u00e4t, Energie und Spa\u00df genie\u00dfen zu k\u00f6nnen.<\/p>\n\n\n\n<p><strong>Bitte beachtet au\u00dferdem die aktuellen Hinweise auf der Startseite unserer Homepage sowie die Beitr\u00e4ge auf Instagram (wsv_patersdorf) und Facebook (WSV Patersdorf), damit ihr stets auf dem neuesten Stand bleibt.<\/strong><\/p>\n\n\n\n<figure class=\"wp-block-gallery has-nested-images columns-default is-cropped wp-block-gallery-1 is-layout-flex wp-block-gallery-is-layout-flex\">\n<figure class=\"wp-block-image size-large\"><img loading=\"lazy\" decoding=\"async\" width=\"1024\" height=\"768\" data-id=\"8703\" src=\"https:\/\/www.wsv-patersdorf.de\/wordpress\/wp-content\/uploads\/2025\/11\/Foto-06.11.23-18-48-57-1-1-1024x768.jpg\" alt=\"\" class=\"wp-image-8703\" srcset=\"https:\/\/www.wsv-patersdorf.de\/wordpress\/wp-content\/uploads\/2025\/11\/Foto-06.11.23-18-48-57-1-1-1024x768.jpg 1024w, https:\/\/www.wsv-patersdorf.de\/wordpress\/wp-content\/uploads\/2025\/11\/Foto-06.11.23-18-48-57-1-1-300x225.jpg 300w, https:\/\/www.wsv-patersdorf.de\/wordpress\/wp-content\/uploads\/2025\/11\/Foto-06.11.23-18-48-57-1-1-768x576.jpg 768w, https:\/\/www.wsv-patersdorf.de\/wordpress\/wp-content\/uploads\/2025\/11\/Foto-06.11.23-18-48-57-1-1-1536x1152.jpg 1536w, https:\/\/www.wsv-patersdorf.de\/wordpress\/wp-content\/uploads\/2025\/11\/Foto-06.11.23-18-48-57-1-1.jpg 2048w\" sizes=\"auto, (max-width: 1024px) 100vw, 1024px\" \/><\/figure>\n\n\n\n<figure class=\"wp-block-image size-large\"><img loading=\"lazy\" decoding=\"async\" width=\"1024\" height=\"768\" data-id=\"8706\" src=\"https:\/\/www.wsv-patersdorf.de\/wordpress\/wp-content\/uploads\/2025\/11\/Foto-23.10.23-18-09-32-1-1024x768.jpg\" alt=\"\" class=\"wp-image-8706\" srcset=\"https:\/\/www.wsv-patersdorf.de\/wordpress\/wp-content\/uploads\/2025\/11\/Foto-23.10.23-18-09-32-1-1024x768.jpg 1024w, https:\/\/www.wsv-patersdorf.de\/wordpress\/wp-content\/uploads\/2025\/11\/Foto-23.10.23-18-09-32-1-300x225.jpg 300w, https:\/\/www.wsv-patersdorf.de\/wordpress\/wp-content\/uploads\/2025\/11\/Foto-23.10.23-18-09-32-1-768x576.jpg 768w, https:\/\/www.wsv-patersdorf.de\/wordpress\/wp-content\/uploads\/2025\/11\/Foto-23.10.23-18-09-32-1-1536x1152.jpg 1536w, https:\/\/www.wsv-patersdorf.de\/wordpress\/wp-content\/uploads\/2025\/11\/Foto-23.10.23-18-09-32-1-2048x1536.jpg 2048w\" sizes=\"auto, (max-width: 1024px) 100vw, 1024px\" \/><\/figure>\n\n\n\n<figure class=\"wp-block-image size-large\"><img loading=\"lazy\" decoding=\"async\" width=\"1024\" height=\"768\" data-id=\"8705\" src=\"https:\/\/www.wsv-patersdorf.de\/wordpress\/wp-content\/uploads\/2025\/11\/Foto-13.11.23-18-44-51-1-1024x768.jpg\" alt=\"\" class=\"wp-image-8705\" srcset=\"https:\/\/www.wsv-patersdorf.de\/wordpress\/wp-content\/uploads\/2025\/11\/Foto-13.11.23-18-44-51-1-1024x768.jpg 1024w, https:\/\/www.wsv-patersdorf.de\/wordpress\/wp-content\/uploads\/2025\/11\/Foto-13.11.23-18-44-51-1-300x225.jpg 300w, https:\/\/www.wsv-patersdorf.de\/wordpress\/wp-content\/uploads\/2025\/11\/Foto-13.11.23-18-44-51-1-768x576.jpg 768w, https:\/\/www.wsv-patersdorf.de\/wordpress\/wp-content\/uploads\/2025\/11\/Foto-13.11.23-18-44-51-1-1536x1152.jpg 1536w, https:\/\/www.wsv-patersdorf.de\/wordpress\/wp-content\/uploads\/2025\/11\/Foto-13.11.23-18-44-51-1.jpg 2048w\" sizes=\"auto, (max-width: 1024px) 100vw, 1024px\" \/><\/figure>\n<\/figure>\n\n\n\n<p><\/p>\n","protected":false},"excerpt":{"rendered":"<p>Um optimal auf die bevorstehende Wintersaison vorbereitet zu sein und voller Sicherheit sowie Freude in den Pistenspa\u00df zu starten, bietet der WSV auch in diesem Jahr wieder seine bew\u00e4hrte Skigymnastik an. Dieses Training dient als ideale Vorbereitung auf die winterlichen Aktivit\u00e4ten und unterst\u00fctzt alle Teilnehmenden dabei, ihren K\u00f6rper gezielt auf die Belastungen des Skifahrens einzustimmen. &hellip; <a href=\"https:\/\/www.wsv-patersdorf.de\/wordpress\/sportangebot\/skigymnastik\/\" class=\"more-link\"><span class=\"screen-reader-text\">Skigymnastik<\/span> weiterlesen <span class=\"meta-nav\">&rarr;<\/span><\/a><\/p>\n","protected":false},"author":17,"featured_media":0,"parent":8686,"menu_order":0,"comment_status":"closed","ping_status":"closed","template":"","meta":{"footnotes":""},"class_list":["post-8690","page","type-page","status-publish","hentry"],"_links":{"self":[{"href":"https:\/\/www.wsv-patersdorf.de\/wordpress\/wp-json\/wp\/v2\/pages\/8690","targetHints":{"allow":["GET"]}}],"collection":[{"href":"https:\/\/www.wsv-patersdorf.de\/wordpress\/wp-json\/wp\/v2\/pages"}],"about":[{"href":"https:\/\/www.wsv-patersdorf.de\/wordpress\/wp-json\/wp\/v2\/types\/page"}],"author":[{"embeddable":true,"href":"https:\/\/www.wsv-patersdorf.de\/wordpress\/wp-json\/wp\/v2\/users\/17"}],"replies":[{"embeddable":true,"href":"https:\/\/www.wsv-patersdorf.de\/wordpress\/wp-json\/wp\/v2\/comments?post=8690"}],"version-history":[{"count":3,"href":"https:\/\/www.wsv-patersdorf.de\/wordpress\/wp-json\/wp\/v2\/pages\/8690\/revisions"}],"predecessor-version":[{"id":8707,"href":"https:\/\/www.wsv-patersdorf.de\/wordpress\/wp-json\/wp\/v2\/pages\/8690\/revisions\/8707"}],"up":[{"embeddable":true,"href":"https:\/\/www.wsv-patersdorf.de\/wordpress\/wp-json\/wp\/v2\/pages\/8686"}],"wp:attachment":[{"href":"https:\/\/www.wsv-patersdorf.de\/wordpress\/wp-json\/wp\/v2\/media?parent=8690"}],"curies":[{"name":"wp","href":"https:\/\/api.w.org\/{rel}","templated":true}]}}