{"id":8688,"date":"2025-11-20T11:39:05","date_gmt":"2025-11-20T10:39:05","guid":{"rendered":"https:\/\/www.wsv-patersdorf.de\/wordpress\/?page_id=8688"},"modified":"2025-11-21T08:26:15","modified_gmt":"2025-11-21T07:26:15","slug":"wirbelsaeulengymnastik","status":"publish","type":"page","link":"https:\/\/www.wsv-patersdorf.de\/wordpress\/sportangebot\/wirbelsaeulengymnastik\/","title":{"rendered":"Wirbels\u00e4ulengymnastik"},"content":{"rendered":"\n<p>In der Mehrzweckturnhalle in Patersdorf bieten wir unsere <strong>Wirbels\u00e4ulengymnastik<\/strong> an \u2013 ein abwechslungsreiches Training, das sich an <strong>Menschen jeden Alters<\/strong> richtet. Im Mittelpunkt stehen sanfte, aber zugleich wirkungsvolle \u00dcbungen, die die R\u00fcckenmuskulatur st\u00e4rken, die Haltung verbessern und Verspannungen l\u00f6sen.<\/p>\n\n\n\n<p>Durch gezielte Bewegungen, Mobilisations- und Kr\u00e4ftigungseinheiten f\u00f6rdern wir die Beweglichkeit der gesamten Wirbels\u00e4ule und unterst\u00fctzen ein besseres K\u00f6rpergef\u00fchl. Auch Entspannungs- und Atem\u00fcbungen geh\u00f6ren dazu, damit K\u00f6rper und Geist in Einklang kommen.<\/p>\n\n\n\n<p>Egal ob Einsteiger oder Ge\u00fcbte: Jede und jeder kann in seinem eigenen Tempo mitmachen. Gemeinsam schaffen wir eine angenehme Trainingsatmosph\u00e4re, in der Gesundheit, Wohlbefinden und Freude an Bewegung im Mittelpunkt stehen. Wir freuen uns auf alle, die ihrem R\u00fccken etwas Gutes tun m\u00f6chten!<\/p>\n\n\n\n<p><strong>Bitte beachtet au\u00dferdem die aktuellen Hinweise auf der Startseite unserer Homepage sowie die Beitr\u00e4ge auf Instagram (wsv_patersdorf) und Facebook (WSV Patersdorf), damit ihr stets auf dem neuesten Stand bleibt.<\/strong><\/p>\n\n\n<div class=\"wp-block-image\">\n<figure class=\"aligncenter size-full\"><img loading=\"lazy\" decoding=\"async\" width=\"486\" height=\"406\" src=\"https:\/\/www.wsv-patersdorf.de\/wordpress\/wp-content\/uploads\/2025\/11\/Wirbelsaeulengymnastik.png\" alt=\"\" class=\"wp-image-8724\" srcset=\"https:\/\/www.wsv-patersdorf.de\/wordpress\/wp-content\/uploads\/2025\/11\/Wirbelsaeulengymnastik.png 486w, https:\/\/www.wsv-patersdorf.de\/wordpress\/wp-content\/uploads\/2025\/11\/Wirbelsaeulengymnastik-300x251.png 300w\" sizes=\"auto, (max-width: 486px) 100vw, 486px\" \/><\/figure>\n<\/div>","protected":false},"excerpt":{"rendered":"<p>In der Mehrzweckturnhalle in Patersdorf bieten wir unsere Wirbels\u00e4ulengymnastik an \u2013 ein abwechslungsreiches Training, das sich an Menschen jeden Alters richtet. Im Mittelpunkt stehen sanfte, aber zugleich wirkungsvolle \u00dcbungen, die die R\u00fcckenmuskulatur st\u00e4rken, die Haltung verbessern und Verspannungen l\u00f6sen. Durch gezielte Bewegungen, Mobilisations- und Kr\u00e4ftigungseinheiten f\u00f6rdern wir die Beweglichkeit der gesamten Wirbels\u00e4ule und unterst\u00fctzen ein &hellip; <a href=\"https:\/\/www.wsv-patersdorf.de\/wordpress\/sportangebot\/wirbelsaeulengymnastik\/\" class=\"more-link\"><span class=\"screen-reader-text\">Wirbels\u00e4ulengymnastik<\/span> weiterlesen <span class=\"meta-nav\">&rarr;<\/span><\/a><\/p>\n","protected":false},"author":17,"featured_media":0,"parent":8686,"menu_order":0,"comment_status":"closed","ping_status":"closed","template":"","meta":{"footnotes":""},"class_list":["post-8688","page","type-page","status-publish","hentry"],"_links":{"self":[{"href":"https:\/\/www.wsv-patersdorf.de\/wordpress\/wp-json\/wp\/v2\/pages\/8688","targetHints":{"allow":["GET"]}}],"collection":[{"href":"https:\/\/www.wsv-patersdorf.de\/wordpress\/wp-json\/wp\/v2\/pages"}],"about":[{"href":"https:\/\/www.wsv-patersdorf.de\/wordpress\/wp-json\/wp\/v2\/types\/page"}],"author":[{"embeddable":true,"href":"https:\/\/www.wsv-patersdorf.de\/wordpress\/wp-json\/wp\/v2\/users\/17"}],"replies":[{"embeddable":true,"href":"https:\/\/www.wsv-patersdorf.de\/wordpress\/wp-json\/wp\/v2\/comments?post=8688"}],"version-history":[{"count":3,"href":"https:\/\/www.wsv-patersdorf.de\/wordpress\/wp-json\/wp\/v2\/pages\/8688\/revisions"}],"predecessor-version":[{"id":8725,"href":"https:\/\/www.wsv-patersdorf.de\/wordpress\/wp-json\/wp\/v2\/pages\/8688\/revisions\/8725"}],"up":[{"embeddable":true,"href":"https:\/\/www.wsv-patersdorf.de\/wordpress\/wp-json\/wp\/v2\/pages\/8686"}],"wp:attachment":[{"href":"https:\/\/www.wsv-patersdorf.de\/wordpress\/wp-json\/wp\/v2\/media?parent=8688"}],"curies":[{"name":"wp","href":"https:\/\/api.w.org\/{rel}","templated":true}]}}