{"id":7081,"date":"2022-04-23T10:16:20","date_gmt":"2022-04-23T08:16:20","guid":{"rendered":"http:\/\/www.wsv-patersdorf.de\/wordpress\/?page_id=7081"},"modified":"2026-04-08T09:31:46","modified_gmt":"2026-04-08T07:31:46","slug":"downloads","status":"publish","type":"page","link":"https:\/\/www.wsv-patersdorf.de\/wordpress\/allgemein\/downloads\/","title":{"rendered":"Downloads"},"content":{"rendered":"<h2><span style=\"color: #ff0000;\">Kalender<\/span><\/h2>\n<p><a href=\"https:\/\/www.wsv-patersdorf.de\/wordpress\/wp-content\/uploads\/2025\/10\/Terminkalender-WSV-Patersdorf-Wintersaison-202526-1.pdf-1.pdf\">Wintersaison 2025 \/ 2026<\/a><\/p>\n<h2><span style=\"color: #ff0000;\">Formulare f\u00fcr Mitgliedschaft und Adress\u00e4nderung<\/span><\/h2>\n<p><a href=\"https:\/\/www.wsv-patersdorf.de\/wordpress\/wp-content\/uploads\/2024\/04\/Beitrittserklaerung-2024-neu.pdf\" target=\"_blank\" rel=\"noopener\">Beitrittserkl\u00e4rung_2024<\/a> ( DSGVO Konform )<\/p>\n<p><a href=\"https:\/\/www.wsv-patersdorf.de\/wordpress\/wp-content\/uploads\/2024\/01\/Aenderungsmitteilung_2024.pdf\" target=\"_blank\" rel=\"noopener\">\u00c4nderungsmitteilung<\/a><\/p>\n<h2><span style=\"color: #ff0000;\">Formulare f\u00fcr \u00dcbungsleiter\u00a0<\/span><\/h2>\n<p>\u00dcbungsleitereins\u00e4tze blanco als Excel-file. Die grauen Felder bef\u00fcllen.\u00a0<\/p>\n<p><a href=\"https:\/\/www.wsv-patersdorf.de\/wordpress\/wp-content\/uploads\/2026\/04\/AbrechnungUebungsleitereinsaetze.xlsx\">Abrechnung\u00dcbungsleitereins\u00e4tze<\/a><\/p>\n<h2><span style=\"color: #ff0000;\">Formular f\u00fcr Reisekostenabrechnung<\/span><\/h2>\n<p>Kilometerabrechnung blanco als Excel-file. Die grauen Felder bef\u00fcllen.\u00a0<\/p>\n<p><a href=\"https:\/\/www.wsv-patersdorf.de\/wordpress\/wp-content\/uploads\/2026\/04\/AbrechnungReisekosten1.xlsx\">AbrechnungReisekosten<\/a><\/p>\n\n\n<p><\/p>\n","protected":false},"excerpt":{"rendered":"<p>Kalender Wintersaison 2025 \/ 2026 Formulare f\u00fcr Mitgliedschaft und Adress\u00e4nderung Beitrittserkl\u00e4rung_2024 ( DSGVO Konform ) \u00c4nderungsmitteilung Formulare f\u00fcr \u00dcbungsleiter\u00a0 \u00dcbungsleitereins\u00e4tze blanco als Excel-file. Die grauen Felder bef\u00fcllen.\u00a0 Abrechnung\u00dcbungsleitereins\u00e4tze Formular f\u00fcr Reisekostenabrechnung Kilometerabrechnung blanco als Excel-file. Die grauen Felder bef\u00fcllen.\u00a0 AbrechnungReisekosten<\/p>\n","protected":false},"author":2,"featured_media":0,"parent":549,"menu_order":0,"comment_status":"closed","ping_status":"closed","template":"","meta":{"footnotes":""},"class_list":["post-7081","page","type-page","status-publish","hentry"],"_links":{"self":[{"href":"https:\/\/www.wsv-patersdorf.de\/wordpress\/wp-json\/wp\/v2\/pages\/7081","targetHints":{"allow":["GET"]}}],"collection":[{"href":"https:\/\/www.wsv-patersdorf.de\/wordpress\/wp-json\/wp\/v2\/pages"}],"about":[{"href":"https:\/\/www.wsv-patersdorf.de\/wordpress\/wp-json\/wp\/v2\/types\/page"}],"author":[{"embeddable":true,"href":"https:\/\/www.wsv-patersdorf.de\/wordpress\/wp-json\/wp\/v2\/users\/2"}],"replies":[{"embeddable":true,"href":"https:\/\/www.wsv-patersdorf.de\/wordpress\/wp-json\/wp\/v2\/comments?post=7081"}],"version-history":[{"count":30,"href":"https:\/\/www.wsv-patersdorf.de\/wordpress\/wp-json\/wp\/v2\/pages\/7081\/revisions"}],"predecessor-version":[{"id":9018,"href":"https:\/\/www.wsv-patersdorf.de\/wordpress\/wp-json\/wp\/v2\/pages\/7081\/revisions\/9018"}],"up":[{"embeddable":true,"href":"https:\/\/www.wsv-patersdorf.de\/wordpress\/wp-json\/wp\/v2\/pages\/549"}],"wp:attachment":[{"href":"https:\/\/www.wsv-patersdorf.de\/wordpress\/wp-json\/wp\/v2\/media?parent=7081"}],"curies":[{"name":"wp","href":"https:\/\/api.w.org\/{rel}","templated":true}]}}