{"id":444,"date":"2010-10-10T17:54:17","date_gmt":"2010-10-10T15:54:17","guid":{"rendered":"http:\/\/www.wsv-patersdorf.de\/wordpress\/?page_id=444"},"modified":"2022-04-23T10:20:10","modified_gmt":"2022-04-23T08:20:10","slug":"mitgliedschaft","status":"publish","type":"page","link":"https:\/\/www.wsv-patersdorf.de\/wordpress\/allgemein\/mitgliedschaft\/","title":{"rendered":"Mitgliedschaft"},"content":{"rendered":"<h2 style=\"text-align: center;\"><span style=\"color: #ff0000;\">Mitgliedsbeitrag<\/span><\/h2>\n<p style=\"text-align: left;\">\n<table id=\"tablepress-3\" class=\"tablepress tablepress-id-3\">\n<tbody class=\"row-striping row-hover\">\n<tr class=\"row-1\">\n\t<td class=\"column-1\">Kinder und Jugendliche<\/td><td class=\"column-2\">13,50 Euro<\/td>\n<\/tr>\n<tr class=\"row-2\">\n\t<td class=\"column-1\">Erwachsene <\/td><td class=\"column-2\">25,00 Euro<\/td>\n<\/tr>\n<tr class=\"row-3\">\n\t<td class=\"column-1\">Familie<\/td><td class=\"column-2\">54,00 Euro<\/td>\n<\/tr>\n<\/tbody>\n<\/table>\n<!-- #tablepress-3 from cache --><\/p>\n<p style=\"text-align: left;\">(<b>Familienbeitrag beinhaltet die Mitgliedschaft beider Elternteile und alle \u00a0Kinder bis 20 Jahre. Ab dem 21. Lebensjahr werden die Kinder auf einen eigenen Erwachsenentarif umgestellt )<\/b><\/p>\n<h2 style=\"text-align: center;\"><\/h2>\n<h2 style=\"text-align: center;\"><\/h2>\n<h2 style=\"text-align: center;\"><span style=\"color: #ff0000;\">Ein &#8211; und Austritt der Mitglieder<\/span><\/h2>\n<p><span style=\"text-decoration: underline;\">\u00a73 Ein- und Austritt der Mitglieder<\/span><br \/>\n(1) Mitglied kann jeder werden, der schriftlich oder m\u00fcndlich beim Vorstand um Aufnahme nachsucht. \u00dcber die Aufnahme entscheidet der Vorstand. Lehnt dieser den Aufnahmeantrag ab, so steht dem Betroffenen die Berufung an den Vereinsausschu\u00df zu. Dieser entscheidet entg\u00fcltig.<br \/>\n(2) Die Mitgliedschaft endet durch Austrittserkl\u00e4rung, Ausschluss oder Tod. Der schriftlich dem Vorstand zu erkl\u00e4rende Austritt ist zum Jeweiligen Jahresende m\u00f6glich.<\/p>\n<p>(Auszug aus der Satzung des WSV Patersdorf e.V.)<\/p>\n<h2 style=\"text-align: center;\"><\/h2>\n","protected":false},"excerpt":{"rendered":"<p>Mitgliedsbeitrag (Familienbeitrag beinhaltet die Mitgliedschaft beider Elternteile und alle \u00a0Kinder bis 20 Jahre. Ab dem 21. Lebensjahr werden die Kinder auf einen eigenen Erwachsenentarif umgestellt ) Ein &#8211; und Austritt der Mitglieder \u00a73 Ein- und Austritt der Mitglieder (1) Mitglied kann jeder werden, der schriftlich oder m\u00fcndlich beim Vorstand um Aufnahme nachsucht. \u00dcber die Aufnahme &hellip; <a href=\"https:\/\/www.wsv-patersdorf.de\/wordpress\/allgemein\/mitgliedschaft\/\" class=\"more-link\"><span class=\"screen-reader-text\">Mitgliedschaft<\/span> weiterlesen <span class=\"meta-nav\">&rarr;<\/span><\/a><\/p>\n","protected":false},"author":2,"featured_media":0,"parent":549,"menu_order":3,"comment_status":"closed","ping_status":"closed","template":"","meta":{"footnotes":""},"class_list":["post-444","page","type-page","status-publish","hentry"],"_links":{"self":[{"href":"https:\/\/www.wsv-patersdorf.de\/wordpress\/wp-json\/wp\/v2\/pages\/444","targetHints":{"allow":["GET"]}}],"collection":[{"href":"https:\/\/www.wsv-patersdorf.de\/wordpress\/wp-json\/wp\/v2\/pages"}],"about":[{"href":"https:\/\/www.wsv-patersdorf.de\/wordpress\/wp-json\/wp\/v2\/types\/page"}],"author":[{"embeddable":true,"href":"https:\/\/www.wsv-patersdorf.de\/wordpress\/wp-json\/wp\/v2\/users\/2"}],"replies":[{"embeddable":true,"href":"https:\/\/www.wsv-patersdorf.de\/wordpress\/wp-json\/wp\/v2\/comments?post=444"}],"version-history":[{"count":49,"href":"https:\/\/www.wsv-patersdorf.de\/wordpress\/wp-json\/wp\/v2\/pages\/444\/revisions"}],"predecessor-version":[{"id":7084,"href":"https:\/\/www.wsv-patersdorf.de\/wordpress\/wp-json\/wp\/v2\/pages\/444\/revisions\/7084"}],"up":[{"embeddable":true,"href":"https:\/\/www.wsv-patersdorf.de\/wordpress\/wp-json\/wp\/v2\/pages\/549"}],"wp:attachment":[{"href":"https:\/\/www.wsv-patersdorf.de\/wordpress\/wp-json\/wp\/v2\/media?parent=444"}],"curies":[{"name":"wp","href":"https:\/\/api.w.org\/{rel}","templated":true}]}}